 q(-2). What is the greatest common factor of t and 132?
12
Let p be (-5 - 189/(-35))*4825. Suppose -4*j = s - p, -12*j + 2*s = -8*j - 1936. Calculate the greatest common divisor of j and 21.
21
Suppose -2*i + 181 = 3*h, 142 - 12 = 2*h - i. Suppose -35*f + h*f - 224 = 0. Calculate the highest common factor of f and 472.
8
Suppose -2*t + 145 = -29. Suppose 7 = -5*f + t. Suppose 2*p - 2*g = 36, g - 6 = -p + f. What is the highest common factor of 160 and p?
20
Let m be 16391 + -6*(-5)/(-15). What is the greatest common divisor of m and 9?
9
Let p be (7293/(-231) - -23)/(-1 - 6/(-7)). Calculate the greatest common divisor of 2910 and p.
30
Suppose 8*o - 4*o - 3*l - 9 = 0, -o - l - 3 = 0. Suppose o = -8*g + 153 + 95. What is the greatest common factor of 341 and g?
31
Let n = -84 - -86. Suppose 3*q = -5*x + 96, 5*q - 150 = -n*x - 3*x. Calculate the greatest common divisor of 54 and q.
27
Let a = -3 + 29. Suppose -949*q + 12 = -953*q. Let m be 65/q*(-153)/85. Calculate the greatest common divisor of m and a.
13
Let h(m) = -m**2 - 22*m - 94. Let d be 11/(7/(-35)*5). Let o be h(d). Calculate the highest common factor of 27 and o.
27
Let z be ((-48)/14)/(2/(-98)). Suppose 10*r - 336 = 3*r. What is the greatest common factor of r and z?
24
Let f(s) = 6*s**2 + 29*s + 9. Let o be f(-8). What is the highest common factor of 5152 and o?
161
Let x(y) = 2*y**3 + 32*y**2 - 18*y + 32. Let h be x(-16). Suppose -4*r - h = -9*r + o, 5*o = 5*r - 340. Calculate the greatest common divisor of r and 15.
3
Suppose -5*v + 31 = -19. Suppose v*o = -3*o + 13. What is the highest common factor of o and 2?
1
Let l = 304 + 446. What is the greatest common factor of 18 and l?
6
Suppose -y - 1 + 4 = 0. Suppose a + y*g - 135 = 124, -15 = -5*g. Suppose a = 15*i - 14*i. Calculate the highest common factor of 25 and i.
25
Let y be ((-6)/(-4))/(69/92). Let x be (304/(-6))/(y/12*-2). What is the highest common factor of x and 38?
38
Let j(g) = g**3 - 14*g**2 + 2*g + 15. Let h(b) = -8 - 2 + 3*b + 6 + 0. Let m be h(6). Let y be j(m). What is the highest common divisor of y and 43?
43
Let a = -57 + 56. Let x be (4 - 6/(2 + 0)) + a. Suppose 0 = 2*g - i + 4*i + 9, x = 4*g + 4*i + 8. What is the highest common divisor of g and 1?
1
Suppose 0 = -4*b - 2*h + 732, 5*h + 29 - 755 = -4*b. Calculate the highest common divisor of b and 552.
184
Suppose 2*j = 4*o - 48, 3*j = -0*j + o - 82. Let f be (-5 + 8 + -5 + j)*-2. Calculate the greatest common factor of f and 96.
12
Let a = 45 - 30. Let x be (-9)/12*(-10 + 6). Let h be 163 + 6/(x + 0). What is the highest common factor of h and a?
15
Let u = -4 + 7. Let a = -535 + 586. Suppose -a = -2*c - u. Calculate the greatest common divisor of c and 36.
12
Let i(n) = -9*n + 323. Let w be i(31). Let t be (w/22)/((-2)/(-204)*4). What is the highest common factor of 816 and t?
51
Let q(o) = -2*o + 36. Let p be q(16). Suppose 68 = f + 3*f + 4*h, -p*f + 71 = h. Suppose 0 = -2*z + 8*z - f. What is the greatest common divisor of 1 and z?
1
Let t = 1448 - 979. Let x = -257 + t. Calculate the highest common divisor of x and 159.
53
Let o = -66 - -102. Let b = -11 + 20. Let j(s) = s**3 - 10*s**2 + 11*s - 9. Let d be j(b). Calculate the highest common divisor of o and d.
9
Let j = -819 + 1769. Suppose 304*q - 300*q = 200. Calculate the greatest common divisor of q and j.
50
Let b(z) = 38*z**2 + 131*z + 6. Let c be b(-4). Calculate the greatest common factor of 240 and c.
30
Let f(c) = -c**3 - 6*c**2 + 202*c + 22. Let h be f(-20). Calculate the highest common factor of 21 and h.
7
Suppose -6*d = 3*d + 19890. Let y = d + 1014. Let l be y/(-16) + (-3)/(-12). Calculate the greatest common divisor of l and 30.
15
Let k be ((-6)/8)/((43 + -42)/((-92)/3)). Calculate the highest common divisor of 2047 and k.
23
Let q be ((-4)/((-8)/(-90)))/(9/(-6)). What is the highest common divisor of q and 1280?
10
Let y be (-2)/(4/30 + 76/(-120)). Suppose -y*v = -3*v - 10. Suppose -2*z = -v*z + 8. What is the greatest common factor of 8 and z?
1
Let h(j) = -j**3 + 82*j**2 - 607*j + 21. Let f be h(14). Calculate the greatest common divisor of f and 66.
33
Suppose p = 4*p - 3. Let b be (p + -2)/((-1)/11). Let i = 6725 + -6637. Calculate the greatest common divisor of b and i.
11
Suppose 11*r = -4*r + 7215. Let b = r - 264. What is the highest common factor of 7 and b?
7
Let j be -1 + 3 - -10 - (-1 - 1). Suppose -3 = b, -16*p + 149 = -11*p - 3*b. Calculate the highest common factor of j and p.
14
Let r be (18 - 20) + (194/(-1))/(4/(-10)). Calculate the greatest common divisor of r and 21.
21
Let v be 2858 - ((-15)/(-3) + 4)*4/18. What is the greatest common factor of 48 and v?
24
Suppose -15*h = 508 - 643. Let u be 5/((-20)/(-572)) + 1. What is the highest common factor of u and h?
9
Let c be (1 + -2)/((-115)/9545). Let q(y) = -y**3 - 6*y**2 + 9*y + 3. Let v be q(-6). Let a = c + v. Calculate the greatest common divisor of 2 and a.
2
Let l(b) = b + 1. Let o be l(6). Suppose 0 = -3*x - 2*s + 34, -2*x + 22 = 3*s + 1. Suppose o*c - x = 44. What is the highest common divisor of 24 and c?
8
Let u = -210 + 112. Let z = -77 - u. Calculate the greatest common factor of z and 28.
7
Let v be -1 - 1/((-2)/28). Let w(l) = -2414*l - 57455. Let c be w(-24). What is the greatest common factor of v and c?
13
Let q(l) = l**2 - 16*l - 32. Let u be q(-12). What is the greatest common divisor of u and 133?
19
Let d = -56 - -119. Let l = d - 15. Let c be (54/10 - -2) + -12*(-161)/(-1380). What is the highest common divisor of l and c?
6
Suppose -3*d + 872 = 4*a, -70 = -3*a + 5*d + 613. Suppose -5*c - 71 = -a. Let r be (-5)/(c/(-8))*(1 + 5). Calculate the greatest common factor of 64 and r.
8
Let j = 815 + -780. Suppose w + 4*i = 95, -7 = -3*i + 5. Suppose w = 4*l + 5*f, l + 0*l + 4*f = 17. Calculate the highest common factor of l and j.
7
Suppose -1497685 + 527224 - 2650559 = -190*l. Calculate the greatest common factor of l and 52.
26
Suppose 6*k - 28 = 2. Let l = -15 + 18. Suppose 8*h - 100 = l*h. What is the highest common divisor of h and k?
5
Let i(l) = 9*l**2 + 74*l - 94. Let g be i(-16). Calculate the highest common factor of g and 152.
38
Let p be ((-2)/1 - 0)*-6. Let w(y) = -y**3 - 8*y**2 - 56*y - 177. Let o be w(-5). Calculate the greatest common divisor of o and p.
4
Let p = -1510 - -2270. What is the highest common factor of p and 280?
40
Suppose -72 = -9*o + 6*o. Let l = -20 + o. Suppose -336 = -l*f - 3*s, -252 = -3*f - 0*s + 4*s. Calculate the highest common factor of f and 12.
12
Let s(x) be the second derivative of -x**4/12 - x**3/6 + 33*x**2 - 12*x + 3. Let o be s(-7). What is the highest common divisor of o and 24?
24
Suppose 6*a = 14 + 4. Suppose -4*c + 0*p = 2*p - 776, 6 = -a*p. Calculate the greatest common divisor of 60 and c.
15
Let k be 0 + 3 + 3/(-1). Suppose k = 4*m + m - 195. Suppose 83*o = -28*o + 3209 - 323. Calculate the highest common factor of m and o.
13
Suppose -1234 = -134*l + 9620. Calculate the highest common factor of 2511 and l.
81
Let q(d) = d**2 - 2*d + 1. Let w be q(-7). Suppose 3*b + m = w, -m = -b + 2*b - 18. Calculate the greatest common factor of 161 and b.
23
Let u be (3/((-6)/(-14)))/1. Suppose -1 = -o, -5*o = -5*n - u*o + 2. Let d be (-171 - n)/(-3) - 3. What is the greatest common divisor of 6 and d?
6
Suppose 175*r - 7942 = -243*r. Let h be 1/1 - (5 + -23). What is the highest common factor of r and h?
19
Let u(z) = z**3 + z**2 - 72*z + 589. Let a be u(10). What is the greatest common factor of a and 95?
19
Suppose 0 = 4*r + 4*b - 5076, 4*r - 5048 = -13*b + 16*b. What is the greatest common divisor of r and 230?
115
Suppose -10*i = -15*i - 13*i + 3384. Calculate the highest common divisor of i and 1081.
47
Let k = -23600 + 29376. What is the highest common factor of k and 1805?
361
Suppose 3*b = 502 + 1316. Suppose -b = 9*t + 303. Let j = 102 + t. What is the highest common factor of 16 and j?
1
Suppose 8*d - 7*d = 73. Let b(t) = -t**2 - 10*t + 189. Let v be b(-18). Let m = d - v. Calculate the highest common divisor of 70 and m.
14
Let w be ((-3440)/(-8))/(-10) + -2 + 4. Let s = w + 448. What is the highest common divisor of 74 and s?
37
Let q be 10/2*-1*(0 + 1). Let r be 2 - (q - (0 + 21)). Let c = -4 + r. What is the greatest common divisor of c and